o - 6*i + 2*i - 251. Give n(3).
-12
Let x be (2*91/(-52) - -6)*(1 - -5). Let l(r) = 7*r**2 + 7 - 27*r - 6*r**2 + 11*r + 1. Calculate l(x).
-7
Let r(p) = -p + 1. Let d = 293 - 283. Let o be (-192)/(-80)*d/6. What is r(o)?
-3
Let o(r) = r**2 + 3*r + 4. Suppose 10*g = -37*g + 235. Determine o(g).
44
Let j(d) = 42*d - 338. Let l be j(8). Let p(m) = -m**3 - 2*m. Determine p(l).
12
Let o(v) = -v**3 + 6*v**2 + v - 6. Suppose 6*y = 124 + 110. Let s = -33 + y. Give o(s).
0
Let l(y) = 9*y - 176. Suppose 4*o = 20, -227*s = -229*s - o + 45. Calculate l(s).
4
Let u(t) = -6*t - 19 - 14 - 15315*t**2 + 15316*t**2 + 26. Suppose -n + 0 = -5. What is u(n)?
-12
Suppose 0 = 7*l - 17 - 4. Suppose l*q + 23 = -5*n, 0*n - 2 = -2*n - 4*q. Let y(a) = -a**2 - 8*a - 1. Determine y(n).
6
Suppose 3*u + 48 = -5*u. Let i be (2/u)/(31/1953). Let w(o) = o + 22. Determine w(i).
1
Suppose -k + 3*k + 10 = 0, 5*d = 3*k + 15. Let s(u) be the first derivative of -66 - 1/2*u**2 - 2*u. Give s(d).
-2
Let z(j) = -22*j + 1. Let s(g) = 20*g - 2. Let i(v) = 6*s(v) + 5*z(v). What is i(8)?
73
Let v(l) = l**2 + 2*l + 5. Let g be v(-2). Suppose -3*z + g = -1. Suppose 0 = -2*c - z*u + 2, 3*u + 10 = c + u. Let q(d) = d**3 - 5*d**2 + 4*d + 5. Give q(c).
5
Let c(r) = r**2 + 6*r + 2. Suppose -5*f - 70 = -5*s - 0*f, 0 = -2*s - f + 31. Suppose -z - s = -7. Let v be ((-4)/1)/(z/84*-7). Give c(v).
2
Let r(l) = 18*l - 198. Let a(d) = 2*d - 16. Let n(q) = 6*a(q) - r(q). Give n(19).
-12
Let v(m) = m**3 - 5*m**2 - 4*m + 6. Let r be (-704)/24 + 4/12. Suppose -2*g - 62 = 3*k + 3*g, 0 = -2*k + 2*g - 52. Let y = k - r. Give v(y).
-14
Suppose 358 = -13*l + 2477. Let t = l + -156. Let k(r) = r**2 + r**2 - 3 + 7*r + 0*r**2 - 3*r**2. What is k(t)?
-3
Let c(g) = -19 + 25 - 432*g**2 - 12 - 5*g + 429*g**2. Determine c(-2).
-8
Let t(p) = 8*p + 5. Suppose 12 = 4*a + 4*o, 0*a - 3*a - 4*o + 10 = 0. Suppose 0 = 3*m + a*n + 12, 0 = n - 4*n. Calculate t(m).
-27
Suppose 6 = 4*j + 8*d - 6*d, 2*d + 26 = 4*j. Let f(s) = s**2 - 8*s + 14. Calculate f(j).
-2
Let a(k) = -k**3 + 5*k**2 - 3*k + 5. Let n(f) = -2*f**2 - 20*f + 52. Let t be n(-13). Let z(j) = -j**3 - 27*j**2 - 32*j - 152. Let y be z(t). Give a(y).
9
Let g(y) be the third derivative of -y**6/60 + y**5/30 - y**4/12 - y**3/3 + 131*y**2. Let z = -22 + 24. Suppose -5*m = -8 - z. What is g(m)?
-14
Suppose 133*g - 227 = -155 + 327. Let s(z) be the first derivative of z**4/4 - z**3/3 - z**2/2 - 4*z - 3. Give s(g).
11
Let y(x) = 2*x**2 + 12*x - 19. Let w be y(3). Suppose 0 = 17*n - w + 86. Let g(z) be the second derivative of -z**4/6 - 5*z**3/6 - 3*z**2/2 + z. Determine g(n).
-6
Let x(b) = b**3 - 9*b**2 - 15*b + 14. Let y be 108/11 - 6/297*-9. Determine x(y).
-36
Suppose 77*k = 84*k - 7. Let y(i) be the first derivative of 37*i**3/3 - 30. Give y(k).
37
Let s(d) = d**2 + 4*d + 3. Suppose 0*w = 2*w - y - 32, -y = 0. Suppose 5 = -7*v - w. Let r(g) = 4*g + 9. Let h be r(v). Calculate s(h).
0
Let w be 84/45 - 1/(45/(-6)). Let a(r) = 99*r - 44*r**2 + 2 + r**3 - 93*r + 40*r**2. What is a(w)?
6
Suppose 48*q - 1059 = -1251. Let g(n) = -2*n**2 + 15*n + 62. What is g(q)?
-30
Let y(d) = -3*d**2 - d + 4. Let h(w) = 16*w**2 + 16*w + 1. Let u(z) = -h(z) - 5*y(z). Determine u(-3).
3
Suppose -55*k - 130 = -65*k. Let q(n) = 12*n**3 - 3*n**2 + 3*n**2 + 3*n**2 + 4 - k*n**3 - 4*n**2. Determine q(-3).
22
Suppose 0 = -3*y - 3, 0 = -2*d - 12*y + 7*y + 1. Let j(k) = -k**2 + 0 + 2 - d - 5 - 7*k. Determine j(-6).
0
Let s(t) be the third derivative of -t**4/24 - 3*t**3/2 + t**2. Let k be (-9 + 9 + -5)*(-3)/6*-4. Determine s(k).
1
Let j(u) = u - 7. Suppose 4*t = -4*d + 32, 6*d - t - 10 = d. Suppose 3*z = -4*m + 7, -d*m - 4 = 2. What is j(z)?
-2
Let b(x) = -x**3 - 4*x**2 + 2*x. Let n be b(-4). Let v(q) be the third derivative of -q**5/60 - 5*q**4/12 - 2*q**3/3 + 211*q**2 - 2*q + 4. Determine v(n).
12
Suppose 556*d + 923*d - 2625 + 8541 = 0. Suppose 0 = -2*x + 2 + 2, -8 = -4*g + 2*x. Let b(c) = 2*c - 7 - g*c + 0*c. What is b(d)?
-3
Let p(h) = -256 - 4*h + 242 + 58*h**2 - h**3 - 56*h**2 + 23*h. Give p(5).
6
Let h(w) = 18*w + 4*w**2 + 7*w**2 + 5*w**2 - w**3 + 20 + 0*w**3 - 47. Determine h(17).
-10
Let i(b) = -11*b**3 - 72*b**2 + 18*b + 23. Let s(j) = 5*j**3 + 33*j**2 - 9*j - 9. Let f(r) = -4*i(r) - 9*s(r). Calculate f(-9).
-92
Let h(k) = -16*k**2 - 618*k - 37. Let p(l) = -4*l**2 - 135*l - 9. Let w(o) = 2*h(o) - 9*p(o). Calculate w(5).
2
Let t = -481 - -479. Let y be ((-1)/t)/(17/374). Let v(d) = d - 24. Give v(y).
-13
Suppose -8*m + 255 = 7*m. Suppose 0 = 3*l + 9, -5*l - m = i. Let w(q) = -2*q + 3*q - 1 + 0*q - 2*q. Calculate w(i).
1
Let z(d) = -2*d + 7. Suppose -376 = -3*w - 364. Let i(r) = 4*r - 13. Let n(p) = w*i(p) + 7*z(p). Calculate n(7).
11
Suppose -6*q - 64 + 154 = 0. Suppose 0 = -q*b + 16*b. Let f(p) = 15 + 0*p + 0*p - p**2. Calculate f(b).
15
Suppose 13987*r = 13977*r + 50. Let i(g) = g + 1. What is i(r)?
6
Let u(z) = z**2 - z. Let d(j) = -2*j**2 + 1. Let t(o) = d(o) + 5*u(o). Suppose 6 = -83*r + 81*r + 2*x, 4*x = -4*r + 28. Give t(r).
3
Let d(p) be the third derivative of -p**6/120 - p**5/60 + p**4/8 - 2*p**3/3 + 83*p**2. Calculate d(3).
-31
Let y(w) = w**3 - 24*w**2 + 13*w - 11. Let d(n) = -13*n**2 + 7*n - 6. Let u(g) = 11*d(g) - 6*y(g). Let x = -92 - -93. What is u(x)?
-6
Let k(h) = -15*h**3 - h**2. Suppose -15 = g - 20. Suppose -g + 12 = -7*a. Give k(a).
14
Let r(l) = l**3 - 10*l**2 - 12*l + 9. Let d be r(11). Let j(g) be the third derivative of -g**5/10 - g**4/8 - 4*g**2 - 52*g. Determine j(d).
-18
Let y(z) = -z - 15. Let w(a) = -3*a - 7*a - 121 + a. Let c(g) = 6*w(g) - 51*y(g). Let s be c(13). Let d(m) = -m**3 + m**2 - 11. Give d(s).
-11
Suppose 53*w + 396 = -717. Let t(l) = l**2 + 24*l + 48. Calculate t(w).
-15
Let n(j) = -j**2 - 5*j + 7. Suppose 100*u = -86*u - 555 - 375. Give n(u).
7
Let y(l) = -2*l**3 + 3573198*l + 2*l**3 - l**2 + l**3 - 3573202*l. Let w be 14/6 + (-2)/(-3). What is y(w)?
6
Let o(f) = -f + 14. Let n be o(9). Let k(v) = 3*v**2 - 2 - 18*v**2 - 2*v - 3*v + 16*v**2 + v. Calculate k(n).
3
Let c(l) = -14*l - 10. Let i(t) = -24*t - 9. Let b(g) = -5*c(g) + 3*i(g). What is b(7)?
9
Let d(p) = -p**2 - 3*p - 6. Let i(v) = v + 14. Let j be i(-14). Let t be d(j). Let w(n) = -n**3 - 6*n**2 - 3*n - 7. Give w(t).
11
Let q = -2290 - -2292. Let j(c) = c. Let t be j(5). Suppose -h = -f - t, -q*h + 0*f - 2*f = -18. Let m(v) = -v + 8. Give m(h).
1
Let r(o) be the second derivative of -o**3/6 - o**2 - 687*o + 1. Calculate r(-3).
1
Let r(t) = 9*t**2 - t. Let y = -1 + -3. Let m be ((-10)/(-6))/(y/(-12)). Suppose -5*p - m = -2*j, j = -2*p - 2*j - 2. Determine r(p).
10
Let n be ((-3036)/(-231))/((-2)/(-7)). Suppose n = 2*d + 36. Let c(b) = b**3 - 6*b**2 + 3*b + 12. Give c(d).
2
Let z(f) = 2*f + 1. Let q be z(-1). Let j(p) = -p**2 + p. Let t(s) = -4*s**2 - 6*s - 1. Let r(g) = q*t(g) + 3*j(g). Suppose 30*d + 182 = 4*d. Determine r(d).
-13
Suppose -9 = 5*u + 11. Let y be (u - -3) + -1 + 0. Let h(t) = 2*t - 6979 + 3486 + 3493 + 5*t**2. Give h(y).
16
Let l(c) = -c**3 + 3*c**2 + 3*c + 7. Let o be l(4). Suppose 7 + 8 = -o*x. Let q be x/(-10)*-10 + -1. Let n(i) = -i - 1. Determine n(q).
5
Let k(g) = g**2 - 14*g - 20. Suppose 228*x = 229*x - 15. Calculate k(x).
-5
Let g(o) = -o**3 - 12 + o**2 - 22*o + 2 + 21*o. Let n(a) = -a**3 + 2*a**2 + 4*a - 3. Let d be n(3). Calculate g(d).
-10
Let s(q) = -2*q**2 + 3*q - 1. Let a(r) = -r**2 - 4*r. Let l be a(-4). Suppose -2*i + 16 - 14 = l. Let d(n) = 4*n**3 - n. Let p be d(i). Give s(p).
-10
Let z(g) be the second derivative of g**5/20 + 7*g**4/12 - g**3/6 - 7*g**2/2 - 208464*g. Let r = 5 - 12. Determine z(r).
0
Let i(z) = 5*z**2 - 7*z + z**3 - 14331666 + 14331657 - 3*z. Suppose 18 = -4*n + 2*u, -4*n - n - 33 = u. Determine i(n).
15
Let g(f) = f**3 - 8*f**2 - 9*f - 3. Let x(k) = 21*k - 3*k + 47*k + 2*k**2 - 18*k + 37*k + 169. Let b be x(-40). What is g(b)?
-3
Let b(c) = 19*c + 86. Let j(h) = -15*h - 64. Let d(p) = 10*b(p) + 13*j(p). Give d(6).
-2
Let b(y) = -4*y**3 - 3*y**2 + 5*y - 7. Let o(j) = 35*j**2 + 517*j - 124. Let g be o(-15). What is b(g)?
181
Let j(n) = -6*n - 2*n - 18 + 19*n - 4*n - 6*n. Calculate j(6).
-12
Let x(q) = -31*q - 3. Suppose -15*n = -2*l - 10*n - 7, -3*l - 5 = -2*n. Determine x(l).
28
Let a(d) = -10 + 32 + 32*d + d**2 + 7 - 79 + 4. Determine a(-